) = 5*h + 66. What is a(-3)?
51
Let q(x) = x**2 - 16*x + 26. Give q(-5).
131
Let u(p) = 2*p**2 + 34*p - 18. Give u(-21).
150
Let d(j) = -2*j**3 - 2*j**2 + 3*j - 5. Give d(3).
-68
Let w(n) = -8*n**2 - 16*n + 28. Give w(-3).
4
Let r(m) = -18*m**2 + 48*m - 133. Determine r(3).
-151
Let s(b) = 131*b + 9182. Give s(-72).
-250
Let o(s) = 8650*s - 51890. Give o(6).
10
Let i(l) = -l**2 + 7*l + 88. Determine i(-16).
-280
Let l(g) = 31*g**2 - 110*g + 578. Calculate l(5).
803
Let u(c) = -9*c + 283. What is u(37)?
-50
Let s(z) = z**2 - 15*z - 19. What is s(7)?
-75
Let n(a) = 33*a**2 - 145*a - 41. What is n(5)?
59
Let a(b) = -b**3 - 90*b**2 + 90*b - 78. Give a(-91).
13
Let y(w) = -w**3 - 4*w**2 + 20*w + 30. What is y(-8)?
126
Let m(y) = -9*y**2 + 357*y + 513. Calculate m(41).
21
Let p(g) = g**2 + 57*g + 260. What is p(-5)?
0
Let d(z) = 35*z - 22. What is d(2)?
48
Let k(a) = 371*a + 2212. Calculate k(-6).
-14
Let g(s) = 56*s - 6649. What is g(119)?
15
Let i(h) = h**2 + 65*h - 273. Give i(4).
3
Let u(z) = -2*z**2 + 424*z - 4492. What is u(11)?
-70
Let v(z) = z**3 + 202*z**2 - 2159*z - 8266. Determine v(-212).
2
Let m(y) = y**3 + 13*y**2 - 27*y + 48. What is m(-15)?
3
Let g(k) = k**3 + 14*k**2 + 4*k - 119. Calculate g(-12).
121
Let u(o) = -2*o**3 + 43*o**2 - 95*o + 15. What is u(2)?
-19
Let m(h) = 9*h**2 - 77*h + 1. Calculate m(9).
37
Let t(m) = -m**2 + 60*m + 242. Calculate t(-5).
-83
Let t(s) = 2*s**2 + 5*s - 20. Calculate t(9).
187
Let k(s) = s**2 - 1087*s + 7546. Determine k(7).
-14
Let k(p) = -234*p + 690. Determine k(3).
-12
Let l(h) = -65*h - 3120. Give l(-48).
0
Let d(x) = -105*x - 941. Give d(-9).
4
Let n(k) = k + 548. Determine n(-57).
491
Let r(x) = -1826*x + 31049. Determine r(17).
7
Let p(k) = 362*k**2 + 2151*k - 132. Determine p(-6).
-6
Let j(f) = f**3 + 22*f**2 + 253*f + 2514. Determine j(-16).
2
Let n(h) = -8*h**2 - 166*h + 223. Calculate n(-22).
3
Let a(s) = -s**3 + 48*s**2 - 48*s + 28. What is a(47)?
-19
Let s(w) = -97*w**2 + 728*w - 349. What is s(7)?
-6
Let t(w) = 4707*w - 1. What is t(0)?
-1
Let i(t) = t**2 + 165*t + 6464. Calculate i(-64).
0
Let f(t) = t**3 + 48*t**2 + 50*t + 156. Determine f(-47).
15
Let t(v) = 5*v**3 - 66*v**2 - 29*v + 536. Calculate t(13).
-10
Let g(q) = -q**3 + 12*q**2 + 8*q + 2. What is g(11)?
211
Let k(r) = -15*r - 84. Determine k(-7).
21
Let x(a) = 2*a**3 + 13*a**2 - 152*a + 25. Determine x(6).
13
Let w(z) = z**3 - 28*z**2 - 29*z - 14. Calculate w(29).
-14
Let v(l) = -l**3 + 4*l**2 + 6*l - 8. Calculate v(5).
-3
Let n(v) = -2*v + 59. What is n(39)?
-19
Let x(h) = -2*h**2 - h + 69. Give x(-6).
3
Let k(h) = -2*h**3 + 40*h**2 - 37*h + 36. Calculate k(19).
55
Let c(w) = w**3 + 5*w**2 - 155*w - 216. What is c(-15)?
-141
Let o(r) = 45*r - 1415. Calculate o(32).
25
Let i(u) = -225*u**3 + 32*u**2 + 6*u - 7. Give i(1).
-194
Let w(k) = -7688*k - 169145. What is w(-22)?
-9
Let d(h) = 42*h**2 + 298*h - 298. Calculate d(1).
42
Let b(h) = h**2 + 185*h + 3736. Determine b(-23).
10
Let d(n) = -5*n + 429. Determine d(49).
184
Let b(d) = 394*d + 24821. Determine b(-63).
-1
Let o(x) = 36*x - 28. Calculate o(-1).
-64
Let s(k) = -2*k**3 - 38*k**2 + 9*k + 12. What is s(-19)?
-159
Let y(k) = k**3 + 25*k**2 - 103*k + 19. Determine y(-29).
-358
Let u(z) = -9*z**3 + 204*z**2 + 525*z + 1. Calculate u(25).
1
Let h(k) = -k**3 - 64*k**2 - 248*k - 7683. What is h(-62)?
5
Let x(c) = c**2 - 518*c - 51252. What is x(-85)?
3
Let k(j) = -18*j - 215. Give k(-9).
-53
Let f(o) = 129*o - 6551. Give f(51).
28
Let x(j) = -j**3 + 20*j**2 + 71*j - 21. What is x(24)?
-621
Let m(c) = -3*c**3 - 281*c**2 + 92*c + 141. What is m(-94)?
329
Let s(q) = -64*q + 2281. Calculate s(40).
-279
Let l(p) = -p**3 - 22*p**2 + 104*p - 10. What is l(-26)?
-10
Let q(i) = -i**3 + 39*i**2 - 32*i - 127. Determine q(38).
101
Let n(f) = 2*f**2 - 2*f - 6. Give n(-2).
6
Let n(j) = j**2 + 43*j - 485. Give n(-51).
-77
Let q(i) = 14*i - 387. Determine q(22).
-79
Let b(z) = -1301*z + 5207. Calculate b(4).
3
Let a(g) = -25*g + 207. What is a(8)?
7
Let f(k) = 2*k**3 + 76*k**2 - 3*k - 254. Determine f(-38).
-140
Let j(m) = 8008*m - 64060. Calculate j(8).
4
Let p(g) = -135*g**2 + 49*g + 50. Calculate p(-1).
-134
Let h(m) = -m**2 - 4*m - 9. Calculate h(-6).
-21
Let k(c) = -c**2 + 32*c - 131. Determine k(26).
25
Let m(p) = 6*p**2 - 325*p - 327. Determine m(-1).
4
Let m(s) = -s**2 - 5*s + 421. Give m(-24).
-35
Let o(w) = -371*w - 1080. Determine o(-3).
33
Let f(m) = -30*m**2 - 73*m - 197. Give f(-3).
-248
Let x(i) = -i**2 - 20*i + 54. Determine x(-22).
10
Let y(j) = -3112*j - 28011. Give y(-9).
-3
Let r(d) = 189*d + 175. Give r(-1).
-14
Let r(i) = 30*i + 624. Determine r(-21).
-6
Let t(a) = -194*a**2 + a + 7. Give t(1).
-186
Let g(v) = -15*v**3 + 74*v**2 + 5*v - 7. Give g(5).
-7
Let l(n) = n**3 + 24*n**2 - 243*n - 5455. Give l(-25).
-5
Let o(j) = 924*j - 2768. Give o(3).
4
Let d(c) = 2*c**2 + 327*c - 2203. Give d(-170).
7
Let b(a) = -127*a + 4565. Determine b(36).
-7
Let r(i) = i**3 - 14*i**2 - 74*i + 41. What is r(18)?
5
Let i(d) = 84*d + 673. Calculate i(-8).
1
Let s(o) = 64*o + 2. Give s(1).
66
Let n(x) = 3733*x - 22400. Calculate n(6).
-2
Let d(b) = -9*b**2 - 53*b - 1. Give d(-5).
39
Let w(j) = j**3 - 16*j**2 - 57*j - 452. What is w(20)?
8
Let u(f) = -141*f - 1163. Give u(-8).
-35
Let r(o) = -o**2 - 21*o - 34. What is r(-19)?
4
Let z(g) = 3*g**2 - 275*g - 953. Determine z(95).
-3
Let p(w) = 3*w**2 - 6*w - 54. Give p(10).
186
Let a(d) = d**2 + 43*d - 86. What is a(-43)?
-86
Let c(i) = -12*i**2 - 232*i - 59. What is c(-19)?
17
Let u(d) = 1540*d - 7700. What is u(5)?
0
Let r(p) = -4*p**2 + 59*p - 207. What is r(7)?
10
Let d(o) = o**2 + 27*o - 411. Determine d(-38).
7
Let u(y) = 12*y - 226. What is u(23)?
50
Let t(k) = k**3 - 10*k**2 + 43*k - 28. Determine t(8).
188
Let d(n) = 98*n**2 + 1468*n - 21. Calculate d(-15).
9
Let y(i) = -8*i**2 - 99*i - 48. Calculate y(-12).
-12
Let p(f) = -3455*f - 44922. Determine p(-13).
-7
Let f(w) = -14*w - 780. What is f(-54)?
-24
Let o(p) = -p**3 + 54*p**2 + 1569*p + 473. What is o(75)?
23
Let d(r) = -r**2 - 22*r + 262. What is d(-31)?
-17
Let y(u) = 11*u**2 + 30*u - 9. Give y(-4).
47
Let y(t) = 2*t**2 - 109*t - 3780. Calculate y(78).
-114
Let m(k) = -26*k - 1314. Determine m(-53).
64
Let l(m) = m**2 - 10*m + 75. What is l(7)?
54
Let j(k) = k**3 - 9*k**2 - k + 14. Calculate j(8).
-58
Let v(r) = -r**3 - 67*r**2 - 1034*r - 51. Give v(-24).
-3
Let d(a) = a**3 - 20*a**2 + 94*a - 35. Give d(6).
25
Let p(d) = -d**3 + 8*d - 14. Determine p(4).
-46
Let k(w) = 63*w**3 + w**2 + 15*w - 16. What is k(1)?
63
Let q(z) = 7*z - 71. Give q(27).
118
Let r(o) = 3*o**3 - 11*o**2 - 15*o + 9. Give r(6).
171
Let o(y) = 11*y - 380. Calculate o(50).
170
Let f(l) = l**3 - 32*l**2 - 32*l - 50. Determine f(33).
-17
Let m(u) = -89*u - 1330. Give m(-15).
5
Let m(l) = -342*l - 10595. Give m(-31).
7
Let j(z) = -772*z + 77963. Calculate j(101).
-9
Let m(r) = -r**3 - 28*r**2 - 47*r + 709. Calculate m(-25).
9
Let y(w) = w**2 + 3*w + 177. Calculate y(18).
555
Let t(c) = -11*c**3 + 2*c**2 - 8*c - 1. Calculate t(2).
-97
Let b(p) = -p**3 - 9*p**2 + 99*p + 63. Give b(-15).
-72
Let c(t) = -5*t**2 + 178*t - 747. Give c(31).
-34
Let j(c) = -c**3 - 2*c**2 + 1581*c - 6297. What is j(4)?
-69
Let p(j) = -41*j + 5352. Give p(131).
-19
Let q(b) = -2*b**2 - 80*b - 653. What is q(-10)?
-53
Let t(i) = -1299*i - 3899. Determine t(-3).
-2
Let g(a) = a**3 - 92*a**2 - 180*a - 126. Determine g(94).
626
Let j(p) = -p**3 + 71*p**2 + 78*p - 190. Give j(72).
242
Let a(q) = -2*q**3 - 49*q**2 + 16*q - 44. Calculate a(-25).
181
Let u(r) = 2356*r + 23516. Determine u(-10).
-44
Let h(b) = -b**3 + 146*b**2 - 569*b + 144. Give h(142).
2
Let q(d) = d**2 + 3282*d + 42490. Calculate q(-13).
-7
Let r(a) = -3*a**2 + 321*a - 1243. What is r(103)?
-7
Let n(c) = -39*c + 142. Determine n(6).
-92
Let o(p) = 12*p - 645. Calculate o(80).
315
Let h(d) = d**3 + 18*d**2 - 34*d + 68. Give h(-20).
-52
Let v(u) = -7*u**3 - 7*u**2 + 6*u + 5. Determine v(2).
-67
Let t(r) = -r**3 - 5*r**2 + 59*r + 395. Determine t(-6).
77
Let z(u) = 12*u**2 + 284*u - 33. Determine z(-23).
-217
Let b(n) = n**2 - 5*n - 54. Calculate b(11).
12
Let a(h) = -6*h**3 + 7*h**2 - 25*h + 24. Determine a(1).
0
Let h(y) = -y**2 - 71*y. What is h(-71)?
0
Let h(l) = 13*l**2 + 